{"id":28874,"date":"2021-08-18T11:35:51","date_gmt":"2021-08-18T09:35:51","guid":{"rendered":"http:\/\/dev.afci-formation.fr\/?page_id=28874"},"modified":"2021-09-24T01:14:56","modified_gmt":"2021-09-23T23:14:56","slug":"elementor-28874","status":"publish","type":"page","link":"http:\/\/dev.afci-formation.fr\/mystaging01\/elementor-28874\/","title":{"rendered":"CGV"},"content":{"rendered":"\t\t<div data-elementor-type=\"wp-page\" data-elementor-id=\"28874\" class=\"elementor elementor-28874\" data-elementor-settings=\"[]\">\n\t\t\t\t\t\t\t<div class=\"elementor-section-wrap\">\n\t\t\t\t\t\t\t<section class=\"elementor-section elementor-top-section elementor-element elementor-element-72abaca elementor-section-full_width elementor-section-height-default elementor-section-height-default\" data-id=\"72abaca\" data-element_type=\"section\">\n\t\t\t\t\t\t<div class=\"elementor-container elementor-column-gap-default\">\n\t\t\t\t\t<div class=\"elementor-column elementor-col-100 elementor-top-column elementor-element elementor-element-64d5eb86\" data-id=\"64d5eb86\" data-element_type=\"column\">\n\t\t\t<div class=\"elementor-widget-wrap elementor-element-populated\">\n\t\t\t\t\t\t\t\t<div class=\"elementor-element elementor-element-a72b5a3 elementor-widget elementor-widget-heading\" data-id=\"a72b5a3\" data-element_type=\"widget\" data-widget_type=\"heading.default\">\n\t\t\t\t<div class=\"elementor-widget-container\">\n\t\t\t<style>\/*! elementor - v3.5.1 - 20-12-2021 *\/\n.elementor-heading-title{padding:0;margin:0;line-height:1}.elementor-widget-heading .elementor-heading-title[class*=elementor-size-]>a{color:inherit;font-size:inherit;line-height:inherit}.elementor-widget-heading .elementor-heading-title.elementor-size-small{font-size:15px}.elementor-widget-heading .elementor-heading-title.elementor-size-medium{font-size:19px}.elementor-widget-heading .elementor-heading-title.elementor-size-large{font-size:29px}.elementor-widget-heading .elementor-heading-title.elementor-size-xl{font-size:39px}.elementor-widget-heading .elementor-heading-title.elementor-size-xxl{font-size:59px}<\/style><h2 class=\"elementor-heading-title elementor-size-default\">Conditions g\u00e9n\u00e9rales de ventes\u200b<\/h2>\t\t<\/div>\n\t\t\t\t<\/div>\n\t\t\t\t\t<\/div>\n\t\t<\/div>\n\t\t\t\t\t\t\t<\/div>\n\t\t<\/section>\n\t\t\t\t<section class=\"elementor-section elementor-top-section elementor-element elementor-element-582df917 elementor-section-full_width elementor-section-height-default elementor-section-height-default\" data-id=\"582df917\" data-element_type=\"section\">\n\t\t\t\t\t\t<div class=\"elementor-container elementor-column-gap-default\">\n\t\t\t\t\t<div class=\"elementor-column elementor-col-100 elementor-top-column elementor-element elementor-element-53e6a8c8\" data-id=\"53e6a8c8\" data-element_type=\"column\">\n\t\t\t<div class=\"elementor-widget-wrap elementor-element-populated\">\n\t\t\t\t\t\t\t\t<div class=\"elementor-element elementor-element-7eabb90f elementor-widget elementor-widget-text-editor\" data-id=\"7eabb90f\" data-element_type=\"widget\" data-widget_type=\"text-editor.default\">\n\t\t\t\t<div class=\"elementor-widget-container\">\n\t\t\t<style>\/*! elementor - v3.5.1 - 20-12-2021 *\/\n.elementor-widget-text-editor.elementor-drop-cap-view-stacked .elementor-drop-cap{background-color:#818a91;color:#fff}.elementor-widget-text-editor.elementor-drop-cap-view-framed .elementor-drop-cap{color:#818a91;border:3px solid;background-color:transparent}.elementor-widget-text-editor:not(.elementor-drop-cap-view-default) .elementor-drop-cap{margin-top:8px}.elementor-widget-text-editor:not(.elementor-drop-cap-view-default) .elementor-drop-cap-letter{width:1em;height:1em}.elementor-widget-text-editor .elementor-drop-cap{float:left;text-align:center;line-height:1;font-size:50px}.elementor-widget-text-editor .elementor-drop-cap-letter{display:inline-block}<\/style>\t\t\t\t<p style=\"text-align: left;\">CONDITIONS G\u00c9N\u00c9RALES DE VENTE FORMATION PROFESSIONNELLE<\/p><p style=\"text-align: left;\">D\u00e9claration d\u2019activit\u00e9 enregistr\u00e9e sous le n\u00b0 11922122692 aupr\u00e8s du pr\u00e9fet d\u2019Ile de France<\/p><p style=\"text-align: left;\"><span style=\"text-decoration: underline;\"><strong>1. OBJET ET CHAMP CONTRACTUEL<\/strong><\/span><\/p><p style=\"text-align: left;\">1.1. Les pr\u00e9sentes conditions g\u00e9n\u00e9rales de vente (CGV) ont pour objet de fixer les conditions dans lesquelles AFCI s\u2019engage \u00e0 vendre une prestation de formation dans le cadre de la formation professionnelle.<\/p><p style=\"text-align: left;\">1.2. Elles s\u2019appliquent quelles que soient les clauses qui figurent dans les documents du client et notamment dans ses conditions g\u00e9n\u00e9rales d&#8217;achat.<\/p><p style=\"text-align: left;\">1.3. Pour certaines formations, des conditions particuli\u00e8res de vente pr\u00e9cisent ou compl\u00e8tent les pr\u00e9sentes CGV. Les conditions particuli\u00e8res de vente peuvent figurer \u00e0 la suite des pr\u00e9sentes CGV ou sur le devis ou le bon de commande ou \u00eatre transmises au client en accompagnement de l\u2019un de ces documents. En cas de contradiction entre les conditions particuli\u00e8res de vente et les pr\u00e9sentes CGV, les dispositions des conditions particuli\u00e8res de vente priment.<\/p><p style=\"text-align: left;\">1.4. Dans le cas o\u00f9 l\u2019une quelconque des dispositions des pr\u00e9sentes CGV serait d\u00e9clar\u00e9e nulle ou non \u00e9crite, les autres dispositions resteront int\u00e9gralement en vigueur et seront interpr\u00e9t\u00e9es de fa\u00e7on \u00e0 respecter l\u2019intention originelle des parties.<\/p><p style=\"text-align: left;\">1.5.\u00a0AFCI peut modifier \u00e0 tout moment les pr\u00e9sentes CGV. Les CGV applicables sont celles qui ont \u00e9t\u00e9 remises au client et accept\u00e9es par ce dernier.<\/p><p style=\"text-align: left;\"><strong><span style=\"text-decoration: underline;\">2. D\u00c9FINITIONS<\/span><\/strong>\u00a0<\/p><p style=\"text-align: left;\">2.1. Formation inter-entreprises : formation dont le contenu est d\u00e9crit dans le pr\u00e9sent catalogue r\u00e9alis\u00e9e dans nos locaux ou ceux de nos partenaires<\/p><p style=\"text-align: left;\">2.2. Formations dipl\u00f4mantes (reconversion professionnelle pour adultes) : parcours de formation dipl\u00f4mante associant ou non des stages<\/p><p style=\"text-align: left;\">2.3. Formation intra-entreprise : formation r\u00e9alis\u00e9e sur mesure pour le compte d\u2019un client sur le site du client ou dans d\u2019autres locaux 2.4. Client : personne morale ou physique qui ach\u00e8te la prestation 2.5. Stagiaire : personne physique qui b\u00e9n\u00e9ficie de la formation.<\/p><p style=\"text-align: left;\"><strong><span style=\"text-decoration: underline;\">3. PRISE EN COMPTE DES INSCRIPTIONS<\/span><\/strong><\/p><p style=\"text-align: left;\">3.1. Pour les clients personnes morales : l\u2019inscription n\u2019est valid\u00e9e qu\u2019\u00e0 r\u00e9ception, d\u2019une part, de l\u2019acompte, s\u2019il y a lieu (montant indiqu\u00e9 sur la convention de formation ou le bon de commande valant convention de formation) et, d\u2019autre part, de la convention ou du bon de commande valant convention de formation, sign\u00e9 et rev\u00eatu du cachet de l\u2019entreprise.<\/p><p style=\"text-align: left;\">3.2. Pour les personnes physiques : l\u2019inscription n\u2019est valid\u00e9e qu\u2019\u00e0 r\u00e9ception, d\u2019une part, du contrat de formation sign\u00e9 et, d\u2019autre part, d\u2019un acompte de 30% du prix de la formation. Le versement de cet acompte ne peut \u00eatre exig\u00e9 qu\u2019\u00e0 l\u2019expiration du d\u00e9lai de r\u00e9traction de 10 jours qui court \u00e0 compter de la la signature de ce contrat.<\/p><p style=\"text-align: left;\">3.3. Pour les formations dipl\u00f4mantes : l\u2019inscription est en outre subordonn\u00e9e \u00e0 la d\u00e9cision d\u2019admission prononc\u00e9e par le jury ou de l\u2019autorit\u00e9 d\u00e9cisionnaire.<\/p><p style=\"text-align: left;\"><strong><span style=\"text-decoration: underline;\">4. RESPONSABILIT\u00c9<\/span><\/strong><\/p><p style=\"text-align: left;\">4.1. Toute inscription \u00e0 une formation implique le respect par le stagiaire du r\u00e8glement int\u00e9rieur applicable aux locaux concern\u00e9s, lequel est port\u00e9 \u00e0 sa connaissance.<\/p><p style=\"text-align: left;\">4.2. AFCI ne peut \u00eatre tenue responsable d\u2019aucun dommage ou perte d\u2019objets et effets personnels apport\u00e9s par les stagiaires.<\/p><p style=\"text-align: left;\">4.3. Il appartient au client\/stagiaire de v\u00e9rifier que son assurance personnelle et\/ou professionnelle le couvre lors de sa formation.<\/p><p style=\"text-align: left;\"><strong><span style=\"text-decoration: underline;\">5. PRIX &#8211; MODALITES DE FACTURATION ET DE PAIEMENT<\/span><\/strong><\/p><p style=\"text-align: left;\">5.1. Les prix sont indiqu\u00e9s sur le bon de commande et\/ou la convention et\/ou le contrat de formation. Ils sont nets de taxes, AFCI n\u2019\u00e9tant pas assujettie \u00e0 la TVA par application de l\u2019article 261 al 4-4 du Code g\u00e9n\u00e9ral des imp\u00f4ts.<\/p><p style=\"text-align: left;\">5.2. Les modalit\u00e9s de facturation et de paiement sont pr\u00e9cis\u00e9es sur le bon de commande et\/ou la convention et\/ou le contrat de formation.<\/p><p style=\"text-align: left;\"><strong><span style=\"text-decoration: underline;\">6. PRISE EN CHARGE PAR UN ORGANISME TIERS<\/span><\/strong><\/p><p style=\"text-align: left;\">6.1. Lorsque la formation est prise en charge par un organisme tiers (OPCA&#8230;), il appartient au client\/stagiaire : &#8211; de faire la demande de prise en charge avant le d\u00e9but de la formation et de s\u2019assurer de la bonne fin de cette demande et du paiement par l\u2019organisme qu\u2019il a d\u00e9sign\u00e9 ; &#8211; d&#8217;indiquer explicitement sur le bon de commande et\/ou la convention et\/ou le contrat de formation quel sera l\u2019organisme tiers \u00e0 facturer, en indiquant pr\u00e9cis\u00e9ment son nom et son adresse.<\/p><p style=\"text-align: left;\">6.2. Si le dossier de prise en charge de l&#8217;organisme tiers ne parvient pas \u00e0\u00a0AFCI avant le premier jour de la formation, les frais de formation sont int\u00e9gralement factur\u00e9s au client. En cas de prise en charge partielle par un organisme tiers, le reliquat est factur\u00e9 au client.<\/p><p style=\"text-align: left;\">6.3. Dans le cas o\u00f9 l&#8217;organisme tiers n&#8217;accepte pas de payer la charge qui aurait \u00e9t\u00e9 la sienne suite \u00e0 des absences, un abandon ou pour quelque raison que ce soit, le client est redevable de l\u2019int\u00e9gralit\u00e9 du prix de la formation, qui lui est donc factur\u00e9.<\/p><p style=\"text-align: left;\"><span style=\"text-decoration: underline;\"><strong>7. PENALITES DE RETARD ET SANCTIONS EN CAS DE DEFAUT DE PAIEMENT<\/strong><\/span><\/p><p style=\"text-align: left;\">7.1. Toute somme non pay\u00e9e \u00e0 l\u2019\u00e9ch\u00e9ance donne lieu au paiement par le client de p\u00e9nalit\u00e9s de retard fix\u00e9es \u00e0 trois fois le taux d\u2019int\u00e9r\u00eat l\u00e9gal en vigueur. Ces p\u00e9nalit\u00e9s sont exigibles de plein droit sans qu\u2019aucun rappel ne soit n\u00e9cessaire le jour suivant la date de paiement pr\u00e9vue.<\/p><p style=\"text-align: left;\">7.2. Une indemnit\u00e9 forfaitaire de 40 euros est due pour frais de recouvrement en cas de retard de paiement, sauf s\u2019il s\u2019agit de particuliers.<\/p><p style=\"text-align: left;\">7.3. En cas de non-paiement int\u00e9gral d\u2019une facture venue \u00e0 \u00e9ch\u00e9ance, apr\u00e8s mise en demeure rest\u00e9e sans effet dans les 5 jours calendaires,\u00a0l&#8217;AFCI se r\u00e9serve la facult\u00e9 de suspendre toute formation en cours et \/ou \u00e0 venir.<\/p><p style=\"text-align: left;\"><strong><span style=\"text-decoration: underline;\">8. CONVOVATION ET ATTESTATION DE PRESENCE<\/span><\/strong><\/p><p style=\"text-align: left;\">8.1. Une lettre de convocation indiquant le lieu exact et les horaires de la formation est adress\u00e9e au client.\u00a0AFCI ne peut \u00eatre tenue responsable de la non r\u00e9ception de celle-ci par les destinataires, notamment en cas d\u2019absence du stagiaire \u00e0 la formation.<\/p><p style=\"text-align: left;\">8.2. Une attestation de pr\u00e9sence, \u00e9tablie en conformit\u00e9 avec les feuilles d\u2019\u00e9margement, est adress\u00e9e au client et\/ou au stagiaire apr\u00e8s chaque formation.<\/p><p style=\"text-align: left;\"><strong><span style=\"text-decoration: underline;\">9. REFUS DE COMMANDE<\/span> <\/strong><\/p><p style=\"text-align: left;\">9.1. Dans le cas o\u00f9 un client passerait une commande, sans avoir proc\u00e9d\u00e9 au paiement des commandes pr\u00e9c\u00e9dentes, AFCI sera en droit de refuser d\u2019honorer la commande et de d\u00e9livrer la prestation de formation concern\u00e9e, sans que le client puisse pr\u00e9tendre \u00e0 une quelconque indemnit\u00e9, pour quelque raison que ce soit.<\/p><p style=\"text-align: left;\"><strong><span style=\"text-decoration: underline;\">10. ANNULATION \u2013 REPORT \u2013 CESSATION ANTICIP\u00c9E- ABSENCES <\/span><\/strong><\/p><p style=\"text-align: left;\">10.1. Toute annulation doit faire l\u2019objet d\u2019une demande \u00e9crite (e-mail, courrier).<\/p><p style=\"text-align: left;\">10.2. Par le client personne morale &#8211; Lorsque la demande d\u2019annulation est re\u00e7ue par AFCI entre 30 et 15 jours calendaires avant le d\u00e9but de la formation, AFCI retient l\u2019acompte (ou le facture s\u2019il n\u2019a pas \u00e9t\u00e9 pay\u00e9). &#8211; Dans le cas o\u00f9 la demande est re\u00e7ue entre 15 et 1 jours calendaires avant le d\u00e9but de la formation, AFCI retient l\u2019acompte (ou le facture s\u2019il n\u2019a pas \u00e9t\u00e9 pay\u00e9) et facture 50 % du prix total de la formation \u00e0 titre d\u2019indemnisation, d\u00e9duction faite le cas \u00e9ch\u00e9ant des sommes d\u00e9j\u00e0 factur\u00e9es et\/ou pay\u00e9es. &#8211; Toute annulation \u00e0 la date du d\u00e9but de la formation ou non pr\u00e9sentation du stagiaire entra\u00eene la facturation du prix total de la formation \u00e0 titre d\u2019indemnisation, d\u00e9duction faite le cas \u00e9ch\u00e9ant des sommes d\u00e9j\u00e0 factur\u00e9es et\/ou pay\u00e9es. &#8211; Une fois la formation commenc\u00e9e, toute annulation ou interruption entra\u00eene la facturation du prix total de la formation, d\u00e9duction faite le cas \u00e9ch\u00e9ant des sommes d\u00e9j\u00e0 factur\u00e9es et\/ou pay\u00e9es. &#8211; Les sommes dues par le client \u00e0 titre d\u2019indemnisation sont mentionn\u00e9es comme telles sur la facture. Elles ne peuvent en aucun cas \u00eatre imput\u00e9es sur le montant de la participation au d\u00e9veloppement de la formation professionnelle.<\/p><p style=\"text-align: left;\">10.3. Par le client personne physique &#8211; Lorsque la demande d\u2019annulation est re\u00e7ue par AFCI apr\u00e8s l\u2019expiration du d\u00e9lai de r\u00e9tractation et avant le d\u00e9but de la formation, AFCI retient l\u2019acompte (ou le facture s\u2019il n\u2019a pas \u00e9t\u00e9 per\u00e7u), s\u2019il y a lieu, sauf cas de force majeure. &#8211; Une fois la formation commenc\u00e9e, lorsque, par suite de cas de force majeure d\u00fbment reconnu (\u00e9v\u00e9nement impr\u00e9visible, insurmontable et \u00e9tranger \u00e0 la personne), le client personne physique est dans l&#8217;impossibilit\u00e9 de poursuivre la formation, le contrat est r\u00e9sili\u00e9 de plein droit et les prestations de formation effectivement dispens\u00e9es sont factur\u00e9es au <em>prorata temporis<\/em>\u00a0de leur valeur pr\u00e9vue au contrat, d\u00e9duction faite le cas \u00e9ch\u00e9ant des sommes d\u00e9j\u00e0 factur\u00e9es et\/ou pay\u00e9es. En l\u2019absence de force majeure, une fois la formation commenc\u00e9e, toute annulation, abandon ou interruption entra\u00eene la facturation du prix total de la formation, d\u00e9duction faite le cas \u00e9ch\u00e9ant des sommes d\u00e9j\u00e0 factur\u00e9es et\/ou pay\u00e9es. &#8211; Les sommes dues par le client \u00e0 titre d\u2019indemnisation sont mentionn\u00e9es comme telles sur la facture.<\/p><p style=\"text-align: left;\">10.4.\u00a0\u00a0AFCI se r\u00e9serve le droit d\u2019annuler ou de reporter une session de formation si le nombre minimal de participants n\u2019est pas atteint.<\/p><ul><li style=\"text-align: left;\">En cas de cessation anticip\u00e9e de la formation par l\u2019\u00e9tablissement pour un motif ind\u00e9pendant de sa volont\u00e9, le contrat est r\u00e9sili\u00e9 de plein droit et les prestations de formation effectivement dispens\u00e9es sont factur\u00e9es au prorata temporis de leur valeur pr\u00e9vue au contrat, d\u00e9duction faite le cas \u00e9ch\u00e9ant des sommes d\u00e9j\u00e0 factur\u00e9es et\/ou pay\u00e9es.<\/li><li style=\"text-align: left;\">Dans tous les cas, l\u2019annulation ou le report du stage de formation ne peut donner lieu au versement de dommages et int\u00e9r\u00eats \u00e0 quelque titre que ce soit.<\/li><li style=\"list-style-type: none;\">\u00a0<\/li><\/ul><p style=\"text-align: left;\"><strong><span style=\"text-decoration: underline;\">11. PROPRI\u00c9T\u00c9 INTELLECTUELLE\u00a0<\/span><\/strong><\/p><p style=\"text-align: left;\">11.1. AFCI est seule titulaire des droits de propri\u00e9t\u00e9 intellectuelle sur l\u2019ensemble des formations qu\u2019elle propose \u00e0 ses clients. Tous les contenus et supports p\u00e9dagogiques, quelle qu\u2019en soit la forme (papier, num\u00e9rique), utilis\u00e9s dans le cadre des formations, appartiennent \u00e0 titre exclusif \u00e0 AFCI.<\/p><p style=\"text-align: left;\">11.2. Toute utilisation, repr\u00e9sentation, reproduction int\u00e9grale ou partielle, traduction, transformation et, plus g\u00e9n\u00e9ralement, toute exploitation non express\u00e9ment autoris\u00e9e par AFCI est illicite et pourra donner \u00e0 des poursuites civiles et\/ou p\u00e9nales sur le fondement du code de la propri\u00e9t\u00e9 intellectuelle.<\/p><p style=\"text-align: left;\"><strong><span style=\"text-decoration: underline;\">12. CONFIDENTIALIT\u00c9<\/span><\/strong><\/p><p style=\"text-align: left;\">12.1. AFCI, le client et le stagiaire s\u2019engagent r\u00e9ciproquement \u00e0 garder confidentiels les informations et documents, quelles que soient leur forme et leur nature (\u00e9conomiques, techniques, commerciaux), auxquels ils pourraient avoir eu acc\u00e8s dans le cadre de l\u2019ex\u00e9cution de la prestation de formation ou \u00e0 l\u2019occasion des \u00e9changes intervenus ant\u00e9rieurement \u00e0 la conclusion du contrat.<\/p><p style=\"text-align: left;\"><strong><span style=\"text-decoration: underline;\">13. INFORMATIQUE ET LIBERTES<\/span><\/strong><\/p><p style=\"text-align: left;\">13.1. Des donn\u00e9es \u00e0 caract\u00e8re personnel sont collect\u00e9es afin de pouvoir r\u00e9pondre \u00e0 la demande du client et du stagiaire et de les tenir inform\u00e9s des offres de service de AFCI ; aucune information personnelle n\u2019est c\u00e9d\u00e9e \u00e0 des tiers. Conform\u00e9ment \u00e0 la loi informatique et libert\u00e9s du 6 janvier 1978, le client et le stagiaire disposent d\u2019un droit d\u2019acc\u00e8s qu\u2019ils peuvent exercer aupr\u00e8s du correspondant \u00e0 la protection des donn\u00e9es \u00e0 caract\u00e8re personnel <span id=\"cloak6c234cd598b0086acc1493b7a2b67a31\"><a href=\"mailto:administration@afci-formation.fr\">administration@afci-formation.fr<\/a><\/span>. Ils disposent \u00e9galement d\u2019un droit de modification, de rectification et de suppression des donn\u00e9es \u00e0 caract\u00e8re personnel les concernant qu\u2019ils peuvent exercer aupr\u00e8s du service en charge de la formation ou, en cas de difficult\u00e9, aupr\u00e8s du\u00a0<span id=\"cloak660bda02fd71c03dedae4b7ce37ab14d\"><a href=\"mailto:administration@afci-formation.fr\">administration@afci-formation.fr<\/a><\/span>.<\/p><p style=\"text-align: left;\"><strong><span style=\"text-decoration: underline;\">14. DROIT APPLICABLE-TRIBUNAUX COMP\u00c9TENTS<\/span><\/strong><\/p><p style=\"text-align: left;\">14.1. Toutes les contestations relatives aux ventes de biens et services conclus par AFCI, ainsi qu\u2019\u00e0 l\u2019application ou \u00e0 l\u2019interpr\u00e9tation des pr\u00e9sentes conditions g\u00e9n\u00e9rales de vente sont r\u00e9gies par la loi fran\u00e7aise. Tout litige relatif aux contrats ou conventions de formation fera l\u2019objet au pr\u00e9alable d\u2019une concertation afin de trouver une solution amiable, \u00e0 d\u00e9faut la partie la plus diligente saisira le tribunal comp\u00e9tent.<\/p><p style=\"text-align: left;\"><strong><span style=\"text-decoration: underline;\">15. RELATION CLIENTS<\/span><\/strong><\/p><p style=\"text-align: left;\">15.1. Pour toute information, question ou r\u00e9clamation, le client peut s\u2019adresser au 01 47 12 01 73, du lundi au vendredi, de 8h30 \u00e0 17h00 ou transmettre un courriel \u00e0 <span id=\"cloaka299090e57756c2a6f8ed3639be3e588\"><a href=\"mailto:administration@afci-formation.fr\">administration@afci-formation.fr<\/a><\/span>.<\/p>\t\t\t\t\t\t<\/div>\n\t\t\t\t<\/div>\n\t\t\t\t\t<\/div>\n\t\t<\/div>\n\t\t\t\t\t\t\t<\/div>\n\t\t<\/section>\n\t\t\t\t\t\t<\/div>\n\t\t\t\t\t<\/div>\n\t\t","protected":false},"excerpt":{"rendered":"<p>Conditions g\u00e9n\u00e9rales de ventes\u200b CONDITIONS G\u00c9N\u00c9RALES DE VENTE FORMATION PROFESSIONNELLE D\u00e9claration d\u2019activit\u00e9 enregistr\u00e9e sous le n\u00b0 11922122692 aupr\u00e8s du pr\u00e9fet d\u2019Ile de France 1. OBJET ET CHAMP CONTRACTUEL 1.1. Les &hellip;<\/p>\n<p class=\"read-more\"> <a class=\"\" href=\"http:\/\/dev.afci-formation.fr\/mystaging01\/elementor-28874\/\"> <span class=\"screen-reader-text\">CGV<\/span> Lire la suite\u00a0\u00bb<\/a><\/p>\n","protected":false},"author":3,"featured_media":0,"parent":0,"menu_order":0,"comment_status":"closed","ping_status":"closed","template":"","meta":{"site-sidebar-layout":"","site-content-layout":"","ast-main-header-display":"","ast-hfb-above-header-display":"","ast-hfb-below-header-display":"","ast-hfb-mobile-header-display":"","site-post-title":"","ast-breadcrumbs-content":"","ast-featured-img":"","footer-sml-layout":"","theme-transparent-header-meta":"","adv-header-id-meta":"","stick-header-meta":"","header-above-stick-meta":"","header-main-stick-meta":"","header-below-stick-meta":"","footnotes":""},"class_list":["post-28874","page","type-page","status-publish","hentry"],"_links":{"self":[{"href":"http:\/\/dev.afci-formation.fr\/mystaging01\/wp-json\/wp\/v2\/pages\/28874","targetHints":{"allow":["GET"]}}],"collection":[{"href":"http:\/\/dev.afci-formation.fr\/mystaging01\/wp-json\/wp\/v2\/pages"}],"about":[{"href":"http:\/\/dev.afci-formation.fr\/mystaging01\/wp-json\/wp\/v2\/types\/page"}],"author":[{"embeddable":true,"href":"http:\/\/dev.afci-formation.fr\/mystaging01\/wp-json\/wp\/v2\/users\/3"}],"replies":[{"embeddable":true,"href":"http:\/\/dev.afci-formation.fr\/mystaging01\/wp-json\/wp\/v2\/comments?post=28874"}],"version-history":[{"count":8,"href":"http:\/\/dev.afci-formation.fr\/mystaging01\/wp-json\/wp\/v2\/pages\/28874\/revisions"}],"predecessor-version":[{"id":32148,"href":"http:\/\/dev.afci-formation.fr\/mystaging01\/wp-json\/wp\/v2\/pages\/28874\/revisions\/32148"}],"wp:attachment":[{"href":"http:\/\/dev.afci-formation.fr\/mystaging01\/wp-json\/wp\/v2\/media?parent=28874"}],"curies":[{"name":"wp","href":"https:\/\/api.w.org\/{rel}","templated":true}]}}